-12*a - 3. Suppose -o + 9 = 2*v + 8, 3*o + 3 = 0. Determine p(v).
-15
Let d(h) = 4*h**2 + 3*h + 2. Let u be ((-1)/2)/(12/(-360)). Let k(f) = f**3 - 14*f**2 - 16*f + 13. Let c be k(u). What is d(c)?
12
Suppose 0 = 25*s - 30*s + 75. Let k(v) = s*v**2 + 2 - 5 - 14*v**2 + 2*v. Calculate k(2).
5
Let d(z) = -3*z**3 - 3*z**2 + 16*z - 11. Let w(f) = f**3 - f**2 - f - 1. Let i(q) = -d(q) - 4*w(q). Give i(5).
5
Let z(g) = 6*g**2 - g - 1. Let t(j) = 7*j**2 - j - 3. Let r(f) = -t(f) + 2*z(f). Suppose 5 - 1 = 4*q. What is r(q)?
5
Let u be 3 + (-7 - (4 + -4)). Let n(v) = v**3 + 3*v**2 + 2*v + 1. Let g(x) = 4*x**3 + 11*x**2 + 7*x + 5. Let r(z) = 2*g(z) - 9*n(z). Calculate r(u).
1
Let m(h) be the second derivative of -h**4/12 + 11*h**3/6 - 4*h**2 - 1012*h. Calculate m(7).
20
Suppose 0 = i - 0*i - 3. Let q(x) = -i*x**2 + 0*x**3 + x**3 - 3 + 7*x**2 + 4*x - 2*x. Let n(v) = v**2 - v - 3. Let c be n(0). What is q(c)?
0
Let v(p) = -6*p**2 + p. Let s be v(-1). Let i(c) = 3*c**3 - 14*c**2 + c + 2. Let d(g) = -g**3 + 2*g**2 + g. Let m(l) = -4*d(l) - i(l). Determine m(s).
-16
Suppose 3*w + 0*w = 12, 0 = 4*a - 5*w - 8. Let c(r) be the second derivative of r**3/6 - 2*r**2 + 2*r. What is c(a)?
3
Let a(w) = w**2 + 4*w + 7. Let z be a(-2). Suppose 4*f - p + 8 = p, -z*p = -4*f - 10. Let g(k) = 3*k**2 + 2*k + 1. What is g(f)?
2
Let b(d) be the third derivative of d**6/120 - d**5/30 - 5*d**4/24 + d**3/3 - d**2. Suppose -62*s - 165*s + 681 = 0. Calculate b(s).
-4
Let f(p) = 2 - 3*p - 6 - p**2 + 0 - p. Determine f(-4).
-4
Let r = 269 + -273. Let q(t) = -4*t - 4. Determine q(r).
12
Let s(g) = -2*g**3 - 7*g**2 + 7*g - 8. Let w(m) = -m**3 - m**2 + m - 2. Let z(k) = -s(k) + w(k). What is z(-6)?
42
Let w(n) = 17*n**2 - 111*n - 8 - 6 - 16*n**2 + 116*n. What is w(-6)?
-8
Let m(j) = -2*j**3 + 6*j**2 - 4*j - 9. Let u(w) = w**3 - 4*w**2 + 3*w + 8. Let h(t) = -2*m(t) - 3*u(t). Determine h(0).
-6
Let n(a) = -2*a**2 - 3. Suppose -u + 195 - 198 = 0. Give n(u).
-21
Let m(j) = -j**3 - 3*j**2 - 3*j - 6. Let g be m(-3). Let t(p) = -p**3 + 8*p**2 - 3*p - 2. Give t(g).
34
Let q(j) = -3*j - 1. Let t = 14 + 1. Suppose -2*s + m = t, 2*m - 37 = s + 4*s. Calculate q(s).
20
Let q(s) be the second derivative of -3*s**5/10 + 5*s**3/6 + 5*s**2/2 + 2*s - 147. Determine q(-2).
43
Let d(k) = -3*k + 24. Let l(o) = 2*o - 15. Let s(n) = 3*d(n) + 5*l(n). What is s(11)?
8
Suppose o + o = 5*k + 24, -4*o = 4*k + 8. Let l(w) be the first derivative of w**3/3 - w - 66. Calculate l(k).
15
Let o(d) = 4*d - 4*d - 396*d**2 + 392*d**2 + 1. Let k be o(-1). Let p(s) = s**2 + 3*s + 4. Give p(k).
4
Suppose -5*x + 2*r + 29 = -1, 0 = 5*x - 5*r - 30. Let p = 0 - x. Let i be -3 - p - (-1 + 1). Let b(l) = -l**3 + 3*l**2 - 2*l + 3. What is b(i)?
-3
Let z be 4/(-6)*8/(-48)*9. Let i(n) be the first derivative of -n**7/140 + n**5/60 - n**4/24 + n**3/3 - 2. Let h(q) be the third derivative of i(q). Give h(z).
-5
Suppose -r = -2*t + 5, 5*r + 5*t = 61 - 11. Suppose -r*p - 12 = 3. Let k(q) = q**2 + 4*q - 1. Determine k(p).
-4
Let v(x) = x**2 - 9*x + 3. Let k(b) = -b + 3. Let n be k(0). Suppose n*y - 33 = -5*q + 7*y, -39 = -5*q + 2*y. Calculate v(q).
3
Let g(k) = 11*k + 2. Let o be g(-1). Let i(t) = -3 + 8*t - 2 + 17*t**2 + 4*t**2 - 20*t**2 - 5. Give i(o).
-1
Suppose 384 = -17*n + 65*n. Let f(v) = -2*v + 3. What is f(n)?
-13
Let s(b) = 9*b - 7*b - 5 - 343*b**3 + 3*b**2 + 342*b**3. What is s(3)?
1
Let w(g) = 5*g**3 - 7*g**2 + 9*g + 2. Let o(z) = -13*z + 14*z - 4*z**3 + 5*z**3. Let u(s) = 4*o(s) - w(s). Give u(6).
4
Let u(j) = -2*j**2 - 6 - 5 - 14 - 7 + 39 - 15*j. Give u(-8).
-1
Let y(g) = -2*g - 7. Let r(x) = 4*x - 3. Let f = 14 - 15. Let s be r(f). Calculate y(s).
7
Let m(s) = -2*s**2 + 45*s - 10. Let i be m(22). Let w(l) = 2*l - 16. Calculate w(i).
8
Let q(l) be the first derivative of -l**3/3 - 5*l**2 + 15*l - 244. What is q(-12)?
-9
Let x(j) = -j**3 - 8*j**2 - 7*j - 1. Let a be x(-7). Let d(f) = 3*f + 4. Let o(m) = m. Let z(b) = a*d(b) + 2*o(b). Determine z(5).
-9
Let c(q) = 3*q**2 + 1. Let y(s) = 17*s**2 + s + 16. Let t(o) = -6*c(o) + y(o). Give t(0).
10
Suppose -4*q + 22 = -6*q. Let g be (10 + q)*-2*2. Let z(p) = p**2 - 3*p + 4. Determine z(g).
8
Let g(b) = -1 - 2481*b**2 + b + 2482*b**2 - 6*b. What is g(6)?
5
Let b(l) = -l**2 - l + 6. Let i be (42/(-28))/((-3)/4). Suppose -i*p + 3*p = 0. Calculate b(p).
6
Let n(z) = 3*z - 6. Let s(w) = w**3 - 12*w**2 + w - 17. Let y be s(12). Calculate n(y).
-21
Suppose -c - o - 71 = 0, 2*c - 5*o = -3*c - 385. Let y = 68 + c. Let i(f) = f**3 + 6*f**2 + 5. Determine i(y).
5
Suppose -h = -5*w + 37, 0 = 3*w - 3*h + 4*h - 19. Let i(y) = -2*y + 9. What is i(w)?
-5
Let q(u) be the third derivative of -u**8/6720 - u**7/360 - u**6/80 - u**5/20 - 7*u**4/12 + 17*u**2. Let x(f) be the second derivative of q(f). Calculate x(-6).
12
Let d(t) be the second derivative of t**4/12 - t**3/2 + t**2/2 + 26*t + 3. Let m be (-2 + 10)*(-5)/(-20). Calculate d(m).
-1
Let a be (-1)/2*-6*60/9. Suppose -4*i - a = -8*i. Let o(l) = l**3 - 5*l**2 + 2*l - 7. What is o(i)?
3
Let f(y) be the first derivative of -y**2/2 - 2*y + 1. Let m(w) = -202*w + 1623. Let p be m(8). Give f(p).
-9
Suppose 4*u - 12 = -m + 6*m, 2 = 5*u - 3*m. Let v(s) be the first derivative of 2*s**3/3 - 2*s + 48. Let z be v(u). Let j(g) = -g**3 + 7*g**2 - 6*g. Give j(z).
0
Let f(r) be the second derivative of -r**4/12 + 5*r**3/6 + 5*r**2/2 - 5*r - 2. What is f(4)?
9
Let z(f) be the second derivative of 24*f - 2*f**2 - 2/3*f**3 + 0. Give z(5).
-24
Let r(f) = f**2 + f - 2. Let l be r(-3). Let k(p) be the second derivative of -p**5/20 + p**4/6 - 2*p + 11. Give k(l).
-32
Let j(s) = -87*s - 85*s + 181*s - 7. What is j(5)?
38
Let r(w) = -w**3 - 3*w**2 + 6*w + 3. Let i be ((-3)/6)/(-1 + (-25)/(-26)). Suppose 0 = 2*z - 5*v + 1 - i, -5*z - 8 = -3*v. Give r(z).
-5
Let i(a) be the third derivative of 1/15*a**5 + 0 + 0*a + 1/120*a**6 + a**3 - 5/24*a**4 + 2*a**2. Let x(p) = -14*p - 89. Let m be x(-6). Give i(m).
6
Let q(c) = 31*c - 5. Let y(l) = -8*l + 1. Let x(r) = 2*q(r) + 9*y(r). Let s(i) = 45 + 8*i - 43 + 12*i. Let j(h) = 2*s(h) + 5*x(h). Determine j(1).
-11
Let g(q) = 3*q - 1. Let b(c) = 20*c - 47. Let u(w) = b(w) - 6*g(w). Calculate u(21).
1
Let l = -96 - -97. Let y(r) = -2*r**2 - 2*r - 8. Let o(m) = 1. Let v(b) = l*y(b) + 8*o(b). Give v(-2).
-4
Let y(x) = 13*x**3 - x**2 - 18*x + 2. Let w(j) = -11*j**3 + 16*j - 2. Let c(o) = 6*w(o) + 5*y(o). Calculate c(-6).
-2
Let a(j) = 2*j - 13. Let g be (-8)/((5 - (0 - -3))/(-2)). Give a(g).
3
Let q = 717 - 714. Let t(o) be the first derivative of 7/2*o**2 + 8*o - 8 + 1/3*o**q. Give t(-6).
2
Let o be (-50)/75*((-10)/(-4) - 1). Let d(j) = 5*j**2. What is d(o)?
5
Let r(m) = m - 11. Suppose 0*i - 4*q - 5 = i, 9 = -3*q. Let j(u) = -u**3 + 8*u**2 - 7*u + 2. Let d be j(i). Let c be (8/(-32))/(d/(-40)). Calculate r(c).
-6
Let r be 36/(-54) + 28/6. Let a(g) = 45*g - 5 - 51*g - 1 + r. Give a(-2).
10
Let s(l) be the second derivative of -l + 1/6*l**3 + 0 - 1/12*l**4 - l**2. Let o(p) be the first derivative of s(p). Give o(3).
-5
Let a be (-9)/7 + (-14)/(-49). Let z(n) be the second derivative of -5*n**4/4 + n**3/6 + 19*n. Determine z(a).
-16
Let g(j) be the third derivative of -j**9/60480 + j**8/2240 - j**7/630 - j**6/720 - 7*j**5/15 + 55*j**2. Let a(u) be the third derivative of g(u). What is a(8)?
-1
Suppose 0 = 32*i - 30*i - 10. Let h(r) = -r**3 + 6*r**2 - 2*r + 3. What is h(i)?
18
Let l(u) be the first derivative of -u**4/24 - u**3/2 + 5*u**2/2 - 12. Let w(q) be the second derivative of l(q). Give w(5).
-8
Let s(v) be the third derivative of 0 - 11*v**2 + 2/3*v**3 - 1/24*v**4 + 0*v. Give s(0).
4
Let a(d) = d**3 - 3*d**2 - 6*d - 3. Let r(p) = 2*p**2 + 23*p + 16. Suppose 4*x + 2*m + 46 = 0, -17 - 22 = 4*x - 5*m. Let f be r(x). What is a(f)?
17
Let h(t) be the third derivative of -t**4/24 + 3*t**3 - 84*t**2. Calculate h(15).
3
Let m(a) be the first derivative of a**4/12 - 5*a**3/6 - a**2 + 3*a - 10. Let w(n) be the first derivative of m(n). Determine w(4).
-6
Let c(l) = l + 25. Let s be c(0). Let u be s/4 + (-4)/16. Let a(d) = d**3 - 7*d**2 + 5*d - 6. Give a(u).
-12
Let b(k) = -8*k + 12. Let x(j) = -17*j + 27. Let u(r) = 7*b(r) - 3*x(r). Determine u(2).
-7
Let f(o) be the third derivative of o**6/120 - o**5/60 - o**4/24 + o**3/6 - 2*o**2. 